and 60?
20
Let w be 1104/(-64)*1/3*(10 - 66). Calculate the highest common divisor of 238 and w.
14
Let s(d) = 5*d**2 + 2*d + 10. Let r be s(-6). Let a(l) = -16*l**2 + 185*l - 11. Let q be a(8). Calculate the highest common factor of r and q.
89
Let p be ((-2)/(-6))/(27/1053). Let h = 494 + -329. Suppose 4*s - 841 + h = 0. What is the highest common divisor of p and s?
13
Suppose s = 2*u + 4, -11*s + 3 = -10*s - 3*u. Suppose 3*f + s*i - 2*i = 1076, -3*i + 357 = f. Calculate the greatest common divisor of 40 and f.
40
Let o = 632 + -520. Suppose -2*j - 41 = -j. Let k = j + 73. What is the highest common factor of o and k?
16
Let l be -2 + (-16)/(-1) + 4/(-1). Let f be 0 - 9/(-15) - (-104)/l. Let q be (-12)/(-2)*33/2. Calculate the greatest common factor of q and f.
11
Suppose -1588 = -27*w + 1760. Calculate the highest common factor of w and 4402.
62
Let g be ((4/2)/(-6) - (-2101)/(-573)) + 45. Suppose 2655 = 5*b - 7*y + 2*y, -4*b - 2*y + 2136 = 0. Calculate the highest common divisor of b and g.
41
Let c(t) = 1372*t + 8481. Let q be c(-6). What is the greatest common divisor of 7387 and q?
83
Suppose 42*k - 40 = 34*k. Suppose 660 = 15*h - k*h. Let l(b) = -8*b + 1. Let q be l(-4). Calculate the highest common divisor of h and q.
33
Let h be -3*(0 + 56)/(-1). Let q be (-1 + (-3)/(-6))*(5 + -2179). Suppose -1075*v - 144 = -q*v. What is the highest common divisor of h and v?
12
Suppose -243 - 6040 = -12*o + 1493. What is the highest common divisor of o and 456?
24
Suppose 5*p - 4*p = -6. Let o be 214 + p - (-10 + 3). What is the greatest common factor of 172 and o?
43
Suppose z + 48 = 8*z - 22. Suppose -a + 3*j + 145 = -j, -5*a + 5*j + 725 = 0. Calculate the highest common divisor of a and z.
5
Suppose 2*g + 538 = 5*x, -24*x - 3*g = -20*x - 435. Calculate the highest common divisor of 32 and x.
4
Let j = -3781 - -7197. What is the greatest common factor of 8 and j?
8
Let x = -4 - -10. Suppose -3*b + 3*d + 18 + x = 0, 3*b - d - 14 = 0. Suppose -3*l + 21 = -b. Calculate the greatest common factor of 16 and l.
8
Suppose -129 = -x - 2*x + 3*c, -4*x + c = -160. Let p = 68168 + -68165. Calculate the greatest common divisor of p and x.
3
Let c(p) = -197*p - 428. Let m be c(-4). What is the greatest common divisor of m and 2376?
72
Let p = 17 - 16. Let h = 4 + p. Suppose -29 = -h*u + 241. Calculate the greatest common factor of u and 6.
6
Let x be -9 - 560/(-90) - (-4)/(-18). Let j be x - (-3)/2 - 55/(-2). What is the highest common divisor of j and 26?
26
Suppose r + 9*z - 135 - 854 = 0, -5*z - 1017 = -r. What is the greatest common factor of r and 323?
19
Let d(q) = -3*q - q + 13*q**2 - q - q - 9. Let i be d(-3). Calculate the greatest common divisor of 7 and i.
7
Let l = -5457 + 5787. Calculate the greatest common factor of 438 and l.
6
Let u be ((-686)/(-3))/((-12)/378*-21). Calculate the highest common factor of u and 147.
49
Let f be 1928/44 + (4 - 168/44). Let z be f/((-1 - 1) + 4 + 0). Calculate the greatest common factor of 66 and z.
22
Let o be (-51300)/(-14) + (-60)/210. What is the highest common divisor of o and 16?
16
Let b = 220 - 216. Let f be b/14 + 42528/112. What is the greatest common divisor of f and 20?
20
Let f = -195 - -195. Suppose 4*l + 4*s - 292 = f, 4*l - 9*s - 267 = -8*s. What is the highest common divisor of l and 102?
34
Let v be ((-1)/(-2))/(11/(-215908)*-196282 + -10). Calculate the highest common divisor of v and 7.
7
Suppose 6*v = 531 + 2997. Let j = -438 + v. What is the highest common divisor of j and 120?
30
Suppose -d + 2*x + 314 = 0, 2*d + 6*x - 638 = 8*x. What is the highest common factor of 8964 and d?
108
Suppose l + 3*j = 1 + 4, 5*l - 37 = -3*j. Suppose 4*n - 2*n - 76 = -3*s, -2*s = l. Calculate the highest common factor of n and 11.
11
Let l be 100/550 - (-3 - ((-3996)/(-44) - -2)). Calculate the greatest common divisor of 808 and l.
8
Let p(i) = -i**2 + 20*i - 98. Let k be p(9). Let c be (-2)/k + 0 - 130/(-5). Calculate the highest common divisor of c and 60.
12
Let o = 75 + 135. Let y = o - 199. Let s be (-154)/(-8)*1*4. Calculate the highest common divisor of y and s.
11
Suppose -3*k - 3 = 0, 4*f - 4*k + k - 115 = 0. Let g = 1715 - 1687. Calculate the greatest common factor of f and g.
28
Let q(a) = -a + 19. Let j be q(7). Let n be (90 - 3) + (-9)/(-1). Calculate the greatest common factor of j and n.
12
Suppose 0*i = 2*i - 36. Let o = i - 18. Suppose -3*f + 2*f + 22 = o. What is the highest common divisor of f and 11?
11
Let a be 852/39 + 6/39. Let x be 42/(-2)*a/(-66). Calculate the greatest common divisor of 7 and x.
7
Let n be (-25)/10*2 - (-29 + -6). Suppose -g + 184 = 3*g. Suppose -4*t - v + 40 + n = 0, 2*t - 5*v - g = 0. Calculate the highest common divisor of t and 6.
6
Suppose 33 = 4*g - 23*x + 20*x, -3*x - 42 = -5*g. Calculate the greatest common factor of 4041 and g.
9
Let o(a) = a**2 + 7*a - 2. Let n(d) = -3*d + 16. Let j be n(8). Let v be o(j). Suppose v*x - 126 = -0*x. What is the greatest common divisor of x and 210?
21
Let g(q) = 6*q**2 - 48*q + 183. Let x be g(5). Calculate the highest common divisor of 155 and x.
31
Suppose -8*f = 37 - 77. Suppose -3*v + 3*g + 468 = 0, 0 = f*v + 4*g - 2*g - 759. Suppose -2*n + 19 = -15. What is the greatest common factor of n and v?
17
Let g(x) = -x**2 - 4*x + 5. Let o be g(-5). Suppose 4*m + 26 - 110 = o. Let c = 33 - m. What is the highest common divisor of 12 and c?
12
Let s be 1/8 - 1/(-10)*(-5590)/(-8). Calculate the highest common factor of 1414 and s.
14
Suppose 67*w + 28730 = 84*w + 113*w. Calculate the greatest common factor of 34 and w.
17
Suppose 2226 = 29*b - 2166 - 1234. What is the greatest common divisor of 5723 and b?
97
Let b be 4/((2 + -4)/8). Let r be ((-18)/b)/3 + (-390)/(-240). Calculate the greatest common divisor of r and 166.
2
Suppose 515 = p + 2*p - 5*c, c + 647 = 4*p. What is the highest common divisor of p and 1184?
32
Let w = 311 + -302. Suppose 0 = -24*a + w*a + 3060. Calculate the highest common divisor of 12 and a.
12
Suppose 4*l + 32 = 112. Let u(n) = 24*n - 36. Let m = -193 - -197. Let x be u(m). What is the highest common factor of x and l?
20
Let n be 1 - (2/1 + (-21 - -12)). Let v = -296 + 442. Let b be 2/(-2) - v/(-2). Calculate the highest common factor of n and b.
8
Suppose 14*t - 9*t + 175 = 0. Let a(z) = -6*z + 45. Let g be a(t). What is the greatest common factor of 170 and g?
85
Suppose -13*i = 8 + 5. Let w(g) = 644*g**2 + 8*g + 3. Let z be w(i). What is the greatest common factor of z and 9?
9
Suppose l + 5*l - 192 = 2*l. What is the greatest common factor of 84 and l?
12
Suppose -51 = -3*i + 5*h, -55 - 110 = -5*i - 5*h. Let s(g) = g**2 - g - 2. Let d be s(-4). Calculate the highest common divisor of d and i.
9
Let j(w) = w**3 + 12*w**2 + 11*w + 82. Let v be j(-9). Let r = -205 + v. Calculate the highest common factor of 147 and r.
21
Let h be (-9195)/(-10)*(-6)/(-9). Suppose 7*y + 74 = h. Let q(v) = v**3 - 9*v**2 + v - 2. Let g be q(9). What is the greatest common divisor of g and y?
7
Let p(v) = -2*v**2 - 3*v - 6. Let i be p(-3). Let o = 17 - i. Let x = 57 - o. Calculate the greatest common divisor of x and 10.
5
Suppose -4*q + 146 = 5*n, -22*q + 27*q + 95 = 3*n. What is the greatest common divisor of n and 16?
2
Suppose -4*x - 964 = -2*w - 288, 1365 = 4*w + 5*x. What is the highest common divisor of 140 and w?
20
Suppose -14 = -9*w + 2*w. Suppose -73 = w*t + x + 17, -3*t - 133 = x. Let h = t + 50. Calculate the highest common divisor of h and 35.
7
Let g = 11625 - 8265. What is the greatest common divisor of 12 and g?
12
Let f = 6 - 3. Let x(v) = 16*v + 86. Let c = 162 - 167. Let o be x(c). What is the greatest common factor of o and f?
3
Suppose 759 - 3815 = -191*q. What is the greatest common factor of q and 1528?
8
Suppose -8*b - 168 = -200. Suppose -b*v + 143 = 5*a, -5*a + 7*a + 4*v - 62 = 0. Calculate the highest common divisor of a and 999.
27
Suppose 0 = 2*d - 3*d + 330. Suppose -4*l + 9*l + 5*m - 515 = 0, 314 = 3*l + 2*m. Suppose 106*f - l*f = -d. What is the greatest common divisor of f and 15?
15
Suppose -48*b + 3883 - 338 = 281. Calculate the greatest common factor of 2108 and b.
68
Let k = 3731 - 3639. Calculate the greatest common factor of k and 2116.
92
Let m be (0 - 3/(-2))/((-27)/(-36)). 